{"id":2706,"date":"2022-09-08T09:56:07","date_gmt":"2022-09-08T09:56:07","guid":{"rendered":"http:\/\/clapat-themes.com\/wordpress\/humpton\/?page_id=2706"},"modified":"2026-01-25T10:02:06","modified_gmt":"2026-01-25T10:02:06","slug":"shortcodes","status":"publish","type":"page","link":"https:\/\/laprimavera.studio\/index.php\/shortcodes\/","title":{"rendered":"Shortcodes"},"content":{"rendered":"\n<div class=\"wp-block-harington-gutenberg-container content-row light-section full row_padding_bottom row_padding_left row_padding_right\" data-bgcolor=\"#eeeeee\" style=\"text-align:left\">\n<hr class=\"animated-line has-animation\"><hr><hr><hr>\n\n\n\n<div class=\"wp-block-columns is-layout-flex wp-container-core-columns-is-layout-9d6595d7 wp-block-columns-is-layout-flex\">\n<div class=\"wp-block-column is-layout-flow wp-block-column-is-layout-flow\" style=\"flex-basis:33.33%\">\n<h5 class=\"wp-block-heading\">Team Members<\/h5>\n<\/div>\n\n\n\n<div class=\"wp-block-column is-layout-flow wp-block-column-is-layout-flow\" style=\"flex-basis:66.66%\">\n<ul class=\"wp-block-harington-gutenberg-team-members team-members-list\" data-fx=\"1\">\n<li class=\"hide-ball has-hover-image\" data-img=\"http:\/\/elymor.clapat-themes.com\/wp-content\/uploads\/2022\/05\/team1.jpg\"><div class=\"team-member has-animation\"><div>Patrick Fusariu<\/div><span>Web Designer<\/span><\/div><\/li>\n\n\n\n<li class=\"hide-ball has-hover-image\" data-img=\"http:\/\/elymor.clapat-themes.com\/wp-content\/uploads\/2022\/05\/team2.jpg\"><div class=\"team-member has-animation\"><div>Marius Atanasescu<\/div><span>Web Developer<\/span><\/div><\/li>\n\n\n\n<li class=\"hide-ball has-hover-image\" data-img=\"http:\/\/elymor.clapat-themes.com\/wp-content\/uploads\/2022\/05\/team3.jpg\"><div class=\"team-member has-animation\"><div>Alexandru Vior<\/div><span>Support Team<\/span><\/div><\/li>\n\n\n\n<li class=\"hide-ball has-hover-image\" data-img=\"http:\/\/elymor.clapat-themes.com\/wp-content\/uploads\/2022\/05\/team4.jpg\"><div class=\"team-member has-animation\"><div>Liviu Dorobantu<\/div><span>Support Team<\/span><\/div><\/li>\n<\/ul>\n<\/div>\n<\/div>\n<\/div>\n\n\n\n<div class=\"wp-block-harington-gutenberg-container content-row dark-section full change-header-color\" data-bgcolor=\"#eeeeee\" style=\"text-align:left\">\n<div class=\"wp-block-harington-gutenberg-team-members-carousel swiper-container team-looped-carousel autocenter light-cursor\" data-delay=\"0\"><div class=\"swiper-wrapper\">\n<div class=\"swiper-slide\"><div class=\"slide-img\"><img decoding=\"async\" src=\"http:\/\/elymor.clapat-themes.com\/wp-content\/uploads\/2022\/05\/team4.jpg\" alt=\"Team Member Image\"><\/div><div class=\"team-caption\"><h5>Patrick Fusariu<\/h5><p>Web Designer<\/p><\/div><\/div>\n\n\n\n<div class=\"swiper-slide\"><div class=\"slide-img\"><img decoding=\"async\" src=\"http:\/\/elymor.clapat-themes.com\/wp-content\/uploads\/2022\/05\/team3.jpg\" alt=\"Team Member Image\"><\/div><div class=\"team-caption\"><h5>Marius Atanasescu<\/h5><p>Web Developer<\/p><\/div><\/div>\n\n\n\n<div class=\"swiper-slide\"><div class=\"slide-img\"><img decoding=\"async\" src=\"http:\/\/elymor.clapat-themes.com\/wp-content\/uploads\/2022\/05\/team2.jpg\" alt=\"Team Member Image\"><\/div><div class=\"team-caption\"><h5>Alexandru Vior<\/h5><p>Support Team<\/p><\/div><\/div>\n\n\n\n<div class=\"swiper-slide\"><div class=\"slide-img\"><img decoding=\"async\" src=\"http:\/\/elymor.clapat-themes.com\/wp-content\/uploads\/2022\/05\/team1.jpg\" alt=\"Team Member Image\"><\/div><div class=\"team-caption\"><h5>Liviu Dorobantu<\/h5><p>Support Team<\/p><\/div><\/div>\n\n\n\n<div class=\"swiper-slide\"><div class=\"slide-img\"><img decoding=\"async\" src=\"http:\/\/elymor.clapat-themes.com\/wp-content\/uploads\/2022\/05\/team5.jpg\" alt=\"Team Member Image\"><\/div><div class=\"team-caption\"><h5>John Doe<\/h5><p>We are hiring<\/p><\/div><\/div>\n<\/div><\/div>\n<\/div>\n\n\n\n<div class=\"wp-block-harington-gutenberg-container content-row light-section full row_padding_top row_padding_bottom row_padding_left row_padding_right\" data-bgcolor=\"#eeeeee\" style=\"text-align:left\">\n<hr class=\"animated-line has-animation\">\n<\/div>\n\n\n\n<div class=\"wp-block-harington-gutenberg-container content-row light-section full row_padding_left row_padding_right\" data-bgcolor=\"#eeeeee\" style=\"text-align:left\">\n<div class=\"wp-block-columns is-layout-flex wp-container-core-columns-is-layout-9d6595d7 wp-block-columns-is-layout-flex\">\n<div class=\"wp-block-column is-layout-flow wp-block-column-is-layout-flow\" style=\"flex-basis:33.33%\">\n<h5 class=\"wp-block-heading\">Clients Table<\/h5>\n<\/div>\n\n\n\n<div class=\"wp-block-column is-layout-flow wp-block-column-is-layout-flow\" style=\"flex-basis:66.66%\">\n<ul class=\"wp-block-harington-gutenberg-clients clients-table has-animation\" data-delay=\"100\">\n<li class=\"link\"><a target=\"_blank\" href=\"http:\/\/clapat-themes.com\/\"><img decoding=\"async\" src=\"http:\/\/elymor.clapat-themes.com\/wp-content\/uploads\/2022\/05\/client-01-black.png\" alt=\"client image\" \/><\/a><\/li>\n\n\n\n<li class=\"link\"><a target=\"_blank\" href=\"http:\/\/clapat-themes.com\/\"><img decoding=\"async\" src=\"http:\/\/elymor.clapat-themes.com\/wp-content\/uploads\/2022\/05\/client-02-black.png\" alt=\"client image\" \/><\/a><\/li>\n\n\n\n<li class=\"link\"><a target=\"_blank\" href=\"http:\/\/clapat-themes.com\/\"><img decoding=\"async\" src=\"http:\/\/elymor.clapat-themes.com\/wp-content\/uploads\/2022\/05\/client-03-black.png\" alt=\"client image\" \/><\/a><\/li>\n\n\n\n<li class=\"link\"><a target=\"_blank\" href=\"http:\/\/clapat-themes.com\/\"><img decoding=\"async\" src=\"http:\/\/elymor.clapat-themes.com\/wp-content\/uploads\/2022\/05\/client-04-black.png\" alt=\"client image\" \/><\/a><\/li>\n\n\n\n<li class=\"link\"><a target=\"_blank\" href=\"http:\/\/clapat-themes.com\/\"><img decoding=\"async\" src=\"http:\/\/elymor.clapat-themes.com\/wp-content\/uploads\/2022\/05\/client-05-black.png\" alt=\"client image\" \/><\/a><\/li>\n\n\n\n<li class=\"link\"><a target=\"_blank\" href=\"http:\/\/clapat-themes.com\/\"><img decoding=\"async\" src=\"http:\/\/elymor.clapat-themes.com\/wp-content\/uploads\/2022\/05\/client-06-black.png\" alt=\"client image\" \/><\/a><\/li>\n\n\n\n<li class=\"link\"><a target=\"_blank\" href=\"http:\/\/clapat-themes.com\/\"><img decoding=\"async\" src=\"http:\/\/elymor.clapat-themes.com\/wp-content\/uploads\/2022\/05\/client-06-black.png\" alt=\"client image\" \/><\/a><\/li>\n\n\n\n<li class=\"link\"><a target=\"_blank\" href=\"http:\/\/clapat-themes.com\/\"><img decoding=\"async\" src=\"http:\/\/elymor.clapat-themes.com\/wp-content\/uploads\/2022\/05\/client-08-black.png\" alt=\"client image\" \/><\/a><\/li>\n\n\n\n<li class=\"link\"><a target=\"_blank\" href=\"http:\/\/clapat-themes.com\/\"><img decoding=\"async\" src=\"http:\/\/clapat-themes.com\/wordpress\/harington\/wp-content\/uploads\/2022\/12\/client-01-black.png\" alt=\"client image\" \/><\/a><\/li>\n\n\n\n<li class=\"link\"><a target=\"_blank\" href=\"http:\/\/clapat-themes.com\/\"><img decoding=\"async\" src=\"http:\/\/clapat-themes.com\/wordpress\/harington\/wp-content\/uploads\/2022\/12\/client-02-black.png\" alt=\"client image\" \/><\/a><\/li>\n<\/ul>\n<\/div>\n<\/div>\n<\/div>\n\n\n\n<div class=\"wp-block-harington-gutenberg-container content-row light-section full row_padding_top row_padding_bottom row_padding_left row_padding_right\" data-bgcolor=\"#eeeeee\" style=\"text-align:left\">\n<hr class=\"animated-line has-animation\">\n<\/div>\n\n\n\n<div class=\"wp-block-harington-gutenberg-container content-row light-section full row_padding_left row_padding_right\" data-bgcolor=\"#eeeeee\" style=\"text-align:left\">\n<div class=\"wp-block-columns is-layout-flex wp-container-core-columns-is-layout-9d6595d7 wp-block-columns-is-layout-flex\">\n<div class=\"wp-block-column is-layout-flow wp-block-column-is-layout-flow\" style=\"flex-basis:33.33%\">\n<h5 class=\"wp-block-heading\">Accordion<\/h5>\n<\/div>\n\n\n\n<div class=\"wp-block-column is-layout-flow wp-block-column-is-layout-flow\" style=\"flex-basis:66.66%\">\n<dl class=\"wp-block-harington-gutenberg-accordion accordion small-acc has-animation\">\n<dt><span class=\"link\">Friendly Support<\/span><div class=\"acc-icon-wrap parallax-wrap\"><div class=\"acc-button-icon parallax-element\"><i class=\"fa fa-arrow-right\"><\/i><\/div><\/div><\/dt><dd class=\"accordion-content\">We will be with you every step of the way. It\u2019s a promise!<\/dd>\n\n\n\n<dt><span class=\"link\">Money Back<\/span><div class=\"acc-icon-wrap parallax-wrap\"><div class=\"acc-button-icon parallax-element\"><i class=\"fa fa-arrow-right\"><\/i><\/div><\/div><\/dt><dd class=\"accordion-content\">If you don\u2019t like our theme, we will refund all your money back.<\/dd>\n\n\n\n<dt><span class=\"link\">Premium Quality<\/span><div class=\"acc-icon-wrap parallax-wrap\"><div class=\"acc-button-icon parallax-element\"><i class=\"fa fa-arrow-right\"><\/i><\/div><\/div><\/dt><dd class=\"accordion-content\">All Themes are made by Envato Elite Author &#8211; ClaPat<\/dd>\n\n\n\n<dt><span class=\"link\">Custom Work<\/span><div class=\"acc-icon-wrap parallax-wrap\"><div class=\"acc-button-icon parallax-element\"><i class=\"fa fa-arrow-right\"><\/i><\/div><\/div><\/dt><dd class=\"accordion-content\">Send us a message with everything you need to customize.<\/dd>\n<\/dl>\n<\/div>\n<\/div>\n<\/div>\n\n\n\n<div class=\"wp-block-harington-gutenberg-container content-row light-section full row_padding_top row_padding_bottom row_padding_left row_padding_right\" data-bgcolor=\"#eeeeee\" style=\"text-align:left\">\n<hr class=\"animated-line has-animation\">\n<\/div>\n\n\n\n<div class=\"wp-block-harington-gutenberg-container content-row light-section full row_padding_left row_padding_right\" data-bgcolor=\"#eeeeee\" style=\"text-align:left\">\n<div class=\"wp-block-columns is-layout-flex wp-container-core-columns-is-layout-9d6595d7 wp-block-columns-is-layout-flex\">\n<div class=\"wp-block-column is-layout-flow wp-block-column-is-layout-flow\" style=\"flex-basis:33.33%\">\n<h5 class=\"wp-block-heading\">Big Accordion<\/h5>\n<\/div>\n\n\n\n<div class=\"wp-block-column is-layout-flow wp-block-column-is-layout-flow\" style=\"flex-basis:66.66%\">\n<dl class=\"wp-block-harington-gutenberg-accordion accordion bigger-acc has-animation\">\n<dt><span class=\"link\">Branding<\/span><div class=\"acc-icon-wrap parallax-wrap\"><div class=\"acc-button-icon parallax-element\"><i class=\"fa fa-arrow-right\"><\/i><\/div><\/div><\/dt><dd class=\"accordion-content\">Identidades estrat\u00e9gicas s\u00f3lidas que posicionan tu marca con autenticidad y fuerza.<\/dd>\n\n\n\n<dt><span class=\"link\">Dise\u00f1o gr\u00e1fico<\/span><div class=\"acc-icon-wrap parallax-wrap\"><div class=\"acc-button-icon parallax-element\"><i class=\"fa fa-arrow-right\"><\/i><\/div><\/div><\/dt><dd class=\"accordion-content\">Proyectos visuales precisos: carteles, ilustraciones y contenido que impacta.<\/dd>\n\n\n\n<dt><span class=\"link\">Dise\u00f1o Web<\/span><div class=\"acc-icon-wrap parallax-wrap\"><div class=\"acc-button-icon parallax-element\"><i class=\"fa fa-arrow-right\"><\/i><\/div><\/div><\/dt><dd class=\"accordion-content\">Experiencias web \u00fanicas que destacan por su dise\u00f1o en estado puro, navegaci\u00f3n intuitiva y personalidad propia.<\/dd>\n\n\n\n<dt><span class=\"link\">Apps<\/span><div class=\"acc-icon-wrap parallax-wrap\"><div class=\"acc-button-icon parallax-element\"><i class=\"fa fa-arrow-right\"><\/i><\/div><\/div><\/dt><dd class=\"accordion-content\">Aplicaciones m\u00f3viles diferentes: dise\u00f1o esencial sin distracciones, centrado en la usabilidad perfecta y est\u00e9tica impecable.<\/dd>\n\n\n\n<dt><span class=\"link\">Packaging<\/span><div class=\"acc-icon-wrap parallax-wrap\"><div class=\"acc-button-icon parallax-element\"><i class=\"fa fa-arrow-right\"><\/i><\/div><\/div><\/dt><dd class=\"accordion-content\">Envases que venden: dise\u00f1o de productos f\u00edsicos y campa\u00f1as de lanzamiento.<\/dd>\n\n\n\n<dt><span class=\"link\">Editorial<\/span><div class=\"acc-icon-wrap parallax-wrap\"><div class=\"acc-button-icon parallax-element\"><i class=\"fa fa-arrow-right\"><\/i><\/div><\/div><\/dt><dd class=\"accordion-content\">Publicaciones y cat\u00e1logos con narrativa visual \u00fanica y profesional.<\/dd>\n<\/dl>\n<\/div>\n<\/div>\n<\/div>\n\n\n\n<div class=\"wp-block-harington-gutenberg-container content-row light-section full row_padding_top row_padding_bottom row_padding_left row_padding_right\" data-bgcolor=\"#eeeeee\" style=\"text-align:left\">\n<hr class=\"animated-line has-animation\">\n<\/div>\n\n\n\n<div class=\"wp-block-harington-gutenberg-container content-row light-section full row_padding_left row_padding_right\" data-bgcolor=\"#eeeeee\" style=\"text-align:left\">\n<h5 class=\"wp-block-heading\">Content Marquee forward or backward<\/h5>\n\n\n\n<div style=\"height:30px\" aria-hidden=\"true\" class=\"wp-block-spacer\"><\/div>\n\n\n\n<div class=\"marquee-text-wrapper \"><h1 class=\"marquee-text big-title fw\">We are trusted by over 30,000 clients across the world to power stunning websites.<\/h1><\/div>\n<\/div>\n\n\n\n<div class=\"wp-block-harington-gutenberg-container content-row light-section full row_padding_top row_padding_bottom row_padding_left row_padding_right\" data-bgcolor=\"#eeeeee\" style=\"text-align:left\">\n<hr class=\"animated-line has-animation\">\n<\/div>\n\n\n\n<div class=\"wp-block-harington-gutenberg-container content-row light-section full row_padding_left row_padding_right\" data-bgcolor=\"#eeeeee\" style=\"text-align:left\">\n<h5 class=\"wp-block-heading\">Moving titles forward or backward<\/h5>\n\n\n\n<div style=\"height:30px\" aria-hidden=\"true\" class=\"wp-block-spacer\"><\/div>\n\n\n\n<div class=\"title-moving-outer \"><h1 class=\"title-moving-forward\">We are trusted by over 30,000 clients to power stunning websites.<\/h1><\/div>\n\n\n\n<div class=\"title-moving-outer \"><h1 class=\"title-moving-backward\">We are trusted by over 30,000 clients to power stunning websites.<\/h1><\/div>\n<\/div>\n\n\n\n<div class=\"wp-block-harington-gutenberg-container content-row light-section full row_padding_top row_padding_bottom row_padding_left row_padding_right\" data-bgcolor=\"#eeeeee\" style=\"text-align:left\">\n<hr class=\"animated-line has-animation\">\n<\/div>\n\n\n\n<div class=\"wp-block-harington-gutenberg-container content-row light-section full row_padding_left row_padding_right\" data-bgcolor=\"#eeeeee\" style=\"text-align:left\">\n<div class=\"wp-block-columns is-layout-flex wp-container-core-columns-is-layout-9d6595d7 wp-block-columns-is-layout-flex\">\n<div class=\"wp-block-column is-layout-flow wp-block-column-is-layout-flow\" style=\"flex-basis:33.33%\">\n<h5 class=\"wp-block-heading\">Inline Icon Boxes<\/h5>\n<\/div>\n\n\n\n<div class=\"wp-block-column is-layout-flow wp-block-column-is-layout-flow\" style=\"flex-basis:66.66%\">\n<div class=\"wp-block-columns is-layout-flex wp-container-core-columns-is-layout-9d6595d7 wp-block-columns-is-layout-flex\">\n<div class=\"wp-block-column is-layout-flow wp-block-column-is-layout-flow\">\n<div class=\"box-icon-wrapper block-boxes \"><div class=\"box-icon\"><i class=\"fa fa-paper-plane fa-2x fa-2x\" aria-hidden=\"true\"><\/i><\/div><div class=\"box-icon-content\"><h5 class=\"no-margins\">Email<\/h5><p>office@framework.com<\/p><\/div><\/div>\n<\/div>\n\n\n\n<div class=\"wp-block-column is-layout-flow wp-block-column-is-layout-flow\">\n<div class=\"box-icon-wrapper block-boxes \"><div class=\"box-icon\"><i class=\"fa fa-map-marker fa-2x fa-2x\" aria-hidden=\"true\"><\/i><\/div><div class=\"box-icon-content\"><h5 class=\"no-margins\">Address<\/h5><p>35 M Str, New York, USA<\/p><\/div><\/div>\n<\/div>\n\n\n\n<div class=\"wp-block-column is-layout-flow wp-block-column-is-layout-flow\">\n<div class=\"box-icon-wrapper block-boxes \"><div class=\"box-icon\"><i class=\"fa fa-phone fa-2x fa-2x\" aria-hidden=\"true\"><\/i><\/div><div class=\"box-icon-content\"><h5 class=\"no-margins\">Phone<\/h5><p>0040 (7763) 574-8901<\/p><\/div><\/div>\n<\/div>\n<\/div>\n\n\n\n<div style=\"height:30px\" aria-hidden=\"true\" class=\"wp-block-spacer\"><\/div>\n\n\n\n<div class=\"wp-block-columns is-layout-flex wp-container-core-columns-is-layout-9d6595d7 wp-block-columns-is-layout-flex\">\n<div class=\"wp-block-column is-layout-flow wp-block-column-is-layout-flow\">\n<div class=\"box-icon-wrapper inline-boxes \"><div class=\"box-icon\"><i class=\"fa fa-paper-plane fa-2x fa-2x\" aria-hidden=\"true\"><\/i><\/div><div class=\"box-icon-content\"><h5 class=\"no-margins\">Email<\/h5><p>office@framework.com<\/p><\/div><\/div>\n<\/div>\n\n\n\n<div class=\"wp-block-column is-layout-flow wp-block-column-is-layout-flow\">\n<div class=\"box-icon-wrapper inline-boxes \"><div class=\"box-icon\"><i class=\"fa fa-map-marker fa-2x fa-2x\" aria-hidden=\"true\"><\/i><\/div><div class=\"box-icon-content\"><h5 class=\"no-margins\">Address<\/h5><p>35 M Str, New York, USA<\/p><\/div><\/div>\n<\/div>\n\n\n\n<div class=\"wp-block-column is-layout-flow wp-block-column-is-layout-flow\">\n<div class=\"box-icon-wrapper inline-boxes \"><div class=\"box-icon\"><i class=\"fa fa-phone fa-2x fa-2x\" aria-hidden=\"true\"><\/i><\/div><div class=\"box-icon-content\"><h5 class=\"no-margins\">Phone<\/h5><p>0040 (7763) 574-8901<\/p><\/div><\/div>\n<\/div>\n<\/div>\n<\/div>\n<\/div>\n<\/div>\n","protected":false},"excerpt":{"rendered":"","protected":false},"author":1,"featured_media":0,"parent":0,"menu_order":0,"comment_status":"closed","ping_status":"closed","template":"","meta":{"footnotes":""},"class_list":["post-2706","page","type-page","status-publish","hentry"],"_links":{"self":[{"href":"https:\/\/laprimavera.studio\/index.php\/wp-json\/wp\/v2\/pages\/2706","targetHints":{"allow":["GET"]}}],"collection":[{"href":"https:\/\/laprimavera.studio\/index.php\/wp-json\/wp\/v2\/pages"}],"about":[{"href":"https:\/\/laprimavera.studio\/index.php\/wp-json\/wp\/v2\/types\/page"}],"author":[{"embeddable":true,"href":"https:\/\/laprimavera.studio\/index.php\/wp-json\/wp\/v2\/users\/1"}],"replies":[{"embeddable":true,"href":"https:\/\/laprimavera.studio\/index.php\/wp-json\/wp\/v2\/comments?post=2706"}],"version-history":[{"count":1,"href":"https:\/\/laprimavera.studio\/index.php\/wp-json\/wp\/v2\/pages\/2706\/revisions"}],"predecessor-version":[{"id":3048,"href":"https:\/\/laprimavera.studio\/index.php\/wp-json\/wp\/v2\/pages\/2706\/revisions\/3048"}],"wp:attachment":[{"href":"https:\/\/laprimavera.studio\/index.php\/wp-json\/wp\/v2\/media?parent=2706"}],"curies":[{"name":"wp","href":"https:\/\/api.w.org\/{rel}","templated":true}]}}