{"id":2611,"date":"2023-01-02T06:23:41","date_gmt":"2023-01-02T06:23:41","guid":{"rendered":"http:\/\/clapat-themes.com\/wordpress\/harington\/?page_id=2611"},"modified":"2026-01-25T15:31:44","modified_gmt":"2026-01-25T15:31:44","slug":"landing-page","status":"publish","type":"page","link":"https:\/\/laprimavera.studio\/","title":{"rendered":"Landing Page"},"content":{"rendered":"\n<div class=\"wp-block-harington-gutenberg-container content-row light-section full row_padding_bottom\" data-bgcolor=\"#eeeeee\" style=\"text-align:left\">\n<div class=\"wp-block-harington-gutenberg-scrolling-panels panels\"><div class=\"panels-container\">\n<div class=\"panel\"><img decoding=\"async\" src=\"https:\/\/laprimavera.studio\/wp-content\/uploads\/2026\/01\/premios_literarios_primavera.webp\" alt=\"\" \/><\/div>\n\n\n\n<div class=\"panel\"><img decoding=\"async\" src=\"https:\/\/laprimavera.studio\/wp-content\/uploads\/2026\/01\/stand_agua_primavera_1.webp\" alt=\"\" \/><\/div>\n\n\n\n<div class=\"panel\"><img decoding=\"async\" src=\"https:\/\/laprimavera.studio\/wp-content\/uploads\/2026\/01\/stand_agua_primavera_2.webp\" alt=\"\" \/><\/div>\n\n\n\n<div class=\"panel\"><img decoding=\"async\" src=\"https:\/\/laprimavera.studio\/wp-content\/uploads\/2026\/01\/stand_agua_primavera_3.webp\" alt=\"\" \/><\/div>\n\n\n\n<div class=\"panel\"><img decoding=\"async\" src=\"https:\/\/laprimavera.studio\/wp-content\/uploads\/2026\/01\/Grabacion-2026-01-25-133921.gif\" alt=\"\" \/><\/div>\n\n\n\n<div class=\"panel\"><img decoding=\"async\" src=\"https:\/\/laprimavera.studio\/wp-content\/uploads\/2026\/01\/rondaroces_primavera.webp\" alt=\"\" \/><\/div>\n\n\n\n<div class=\"panel\"><img decoding=\"async\" src=\"https:\/\/laprimavera.studio\/wp-content\/uploads\/2026\/01\/WhatsApp-Video-2026-01-25-at-14.54.32.gif\" alt=\"\" \/><\/div>\n\n\n\n<div class=\"panel\"><img decoding=\"async\" src=\"https:\/\/laprimavera.studio\/wp-content\/uploads\/2026\/01\/Grabacion-2026-01-25-134740.gif\" alt=\"\" \/><\/div>\n\n\n\n<div class=\"panel\"><img decoding=\"async\" src=\"https:\/\/laprimavera.studio\/wp-content\/uploads\/2026\/01\/memoria_democrativa_primavera.webp\" alt=\"\" \/><\/div>\n\n\n\n<div class=\"panel\"><img decoding=\"async\" src=\"https:\/\/laprimavera.studio\/wp-content\/uploads\/2026\/01\/javier_campo_primavera.webp\" alt=\"\" \/><\/div>\n\n\n\n<div class=\"panel\"><img decoding=\"async\" src=\"https:\/\/laprimavera.studio\/wp-content\/uploads\/2026\/01\/construcciones_vir_primavera.webp\" alt=\"\" \/><\/div>\n<\/div><\/div>\n<\/div>\n\n\n\n<div class=\"wp-block-harington-gutenberg-container content-row light-section full row_padding_left row_padding_right\" data-bgcolor=\"#eeeeee\" style=\"text-align:left\">\n<hr>\n\n\n\n<h3 class=\"wp-block-heading has-text-align-center\">Somos un estudio de dise\u00f1o estrat\u00e9gico especializado en marcas y experiencias digitales. Creamos identidades, productos y dise\u00f1os que conectan con las personas y hacen que tu marca destaque y siempre se recuerde.<\/h3>\n\n\n\n<hr><hr>\n\n\n\n<div class=\"wp-block-columns is-layout-flex wp-container-core-columns-is-layout-9d6595d7 wp-block-columns-is-layout-flex\">\n<div class=\"wp-block-column is-layout-flow wp-block-column-is-layout-flow\"><\/div>\n\n\n\n<div class=\"wp-block-column is-layout-flow wp-block-column-is-layout-flow\">\n<h5 class=\"wp-block-heading has-mask-fill\">El Desaf\u00edo<\/h5>\n\n\n\n<p class=\"has-animation\">Las marcas luchan por diferenciarse en digital: identidades gen\u00e9ricas, navegaci\u00f3n confusa y cero conexi\u00f3n emocional con su p\u00fablico. El resultado es  tr\u00e1fico sin conversi\u00f3n, engagement bajo y oportunidades de negocio perdidas.<br><br><\/p>\n\n\n\n<h5 class=\"wp-block-heading has-mask-fill\">Nuestra Soluci\u00f3n<\/h5>\n\n\n\n<p class=\"has-animation\">Creamos una marca de forma completa, dise\u00f1ando desde el naming hasta la experiencia completa y el producto digital completo.<br>Llevamos a cabo una metodolog\u00eda estrat\u00e9gica con pruebas midiendo cada iteraci\u00f3n para garantizar impacto real en identidad, materiales impresos o productos digitales que escalan tu negocio.<\/p>\n<\/div>\n<\/div>\n\n\n\n<div class=\"wp-block-columns is-layout-flex wp-container-core-columns-is-layout-9d6595d7 wp-block-columns-is-layout-flex\">\n<div class=\"wp-block-column is-layout-flow wp-block-column-is-layout-flow\"><\/div>\n\n\n\n<div class=\"wp-block-column is-layout-flow wp-block-column-is-layout-flow\"><\/div>\n<\/div>\n\n\n\n<hr>\n<\/div>\n\n\n\n<div class=\"wp-block-harington-gutenberg-container content-row dark-section full change-header-color\" data-bgcolor=\"#eeeeee\" style=\"text-align:left\">\n<figure class=\"has-parallax has-scale-vertical has-animation \" data-delay=\"100\"><img decoding=\"async\" src=\"https:\/\/laprimavera.studio\/wp-content\/uploads\/2022\/12\/team5.jpg\" alt=\"\"><div class=\"parallax-image-content content-max-width text-align-center\"><div class=\"outer\"><div class=\"inner\"><h3 class=\"has-mask\">Somos un estudio premiado a nivel regional y nacional<\/h3><\/div><\/div><\/div><\/figure>\n<\/div>\n\n\n\n<div style=\"height:70px\" aria-hidden=\"true\" class=\"wp-block-spacer\"><\/div>\n\n\n\n<div class=\"wp-block-harington-gutenberg-container content-row light-section full row_padding_left row_padding_right\" data-bgcolor=\"#eeeeee\" style=\"text-align:left\">\n<div class=\"wp-block-columns is-layout-flex wp-container-core-columns-is-layout-9d6595d7 wp-block-columns-is-layout-flex\">\n<div class=\"wp-block-column is-layout-flow wp-block-column-is-layout-flow\" style=\"flex-basis:33.33%\">\n<h5 class=\"wp-block-heading\">Lo que hacemos<\/h5>\n<\/div>\n\n\n\n<div class=\"wp-block-column is-layout-flow wp-block-column-is-layout-flow\" style=\"flex-basis:66.66%\">\n<dl class=\"wp-block-harington-gutenberg-accordion accordion bigger-acc has-animation\">\n<dt><span class=\"link\">Branding<\/span><div class=\"acc-icon-wrap parallax-wrap\"><div class=\"acc-button-icon parallax-element\"><i class=\"fa fa-arrow-right\"><\/i><\/div><\/div><\/dt><dd class=\"accordion-content\">Identidades estrat\u00e9gicas s\u00f3lidas que posicionan tu marca con autenticidad y fuerza.<\/dd>\n\n\n\n<dt><span class=\"link\">Dise\u00f1o gr\u00e1fico<\/span><div class=\"acc-icon-wrap parallax-wrap\"><div class=\"acc-button-icon parallax-element\"><i class=\"fa fa-arrow-right\"><\/i><\/div><\/div><\/dt><dd class=\"accordion-content\">Proyectos visuales precisos: carteles, ilustraciones y contenido que impacta.<\/dd>\n\n\n\n<dt><span class=\"link\">Dise\u00f1o Web<\/span><div class=\"acc-icon-wrap parallax-wrap\"><div class=\"acc-button-icon parallax-element\"><i class=\"fa fa-arrow-right\"><\/i><\/div><\/div><\/dt><dd class=\"accordion-content\">Experiencias web \u00fanicas que destacan por su dise\u00f1o en estado puro, navegaci\u00f3n intuitiva y personalidad propia.<\/dd>\n\n\n\n<dt><span class=\"link\">Apps<\/span><div class=\"acc-icon-wrap parallax-wrap\"><div class=\"acc-button-icon parallax-element\"><i class=\"fa fa-arrow-right\"><\/i><\/div><\/div><\/dt><dd class=\"accordion-content\">Aplicaciones m\u00f3viles diferentes: dise\u00f1o esencial sin distracciones, centrado en la usabilidad perfecta y est\u00e9tica impecable.<\/dd>\n\n\n\n<dt><span class=\"link\">Packaging<\/span><div class=\"acc-icon-wrap parallax-wrap\"><div class=\"acc-button-icon parallax-element\"><i class=\"fa fa-arrow-right\"><\/i><\/div><\/div><\/dt><dd class=\"accordion-content\">Envases que venden: dise\u00f1o de productos f\u00edsicos y campa\u00f1as de lanzamiento.<\/dd>\n\n\n\n<dt><span class=\"link\">Editorial<\/span><div class=\"acc-icon-wrap parallax-wrap\"><div class=\"acc-button-icon parallax-element\"><i class=\"fa fa-arrow-right\"><\/i><\/div><\/div><\/dt><dd class=\"accordion-content\">Publicaciones y cat\u00e1logos con narrativa visual \u00fanica y profesional.<\/dd>\n<\/dl>\n<\/div>\n<\/div>\n<\/div>\n\n\n\n<div class=\"wp-block-harington-gutenberg-container content-row light-section full row_padding_top row_padding_left row_padding_right\" data-bgcolor=\"#eeeeee\" style=\"text-align:left\">\n<h6 class=\"wp-block-heading\">\/ Con\u00f3cenos<\/h6>\n\n\n\n<hr>\n\n\n\n<h1 class=\"wp-block-heading has-mask-fill no-margins\">Contacta<\/h1>\n\n\n\n<h1 class=\"wp-block-heading has-mask-fill no-margins\">con nosotros<\/h1>\n\n\n\n<hr>\n\n\n\n<hr>\n<\/div>\n\n\n\n<div class=\"wp-block-harington-gutenberg-container content-row light-section full row_padding_top row_padding_bottom row_padding_left row_padding_right\" data-bgcolor=\"#eeeeee\" style=\"text-align:left\">\n<div class=\"wp-block-columns is-layout-flex wp-container-core-columns-is-layout-9d6595d7 wp-block-columns-is-layout-flex\">\n<div class=\"wp-block-column is-layout-flow wp-block-column-is-layout-flow\" style=\"flex-basis:33.33%\">\n<h6 class=\"wp-block-heading has-mask\">\/ 01<\/h6>\n<\/div>\n\n\n\n<div class=\"wp-block-column is-layout-flow wp-block-column-is-layout-flow\" style=\"flex-basis:66.66%\">\n<h6 class=\"wp-block-heading has-mask\">Cu\u00e9ntanos<\/h6>\n<\/div>\n<\/div>\n\n\n\n<div style=\"height:80px\" aria-hidden=\"true\" class=\"wp-block-spacer\"><\/div>\n\n\n\n<div class=\"wp-block-columns is-layout-flex wp-container-core-columns-is-layout-9d6595d7 wp-block-columns-is-layout-flex\">\n<div class=\"wp-block-column is-layout-flow wp-block-column-is-layout-flow\" style=\"flex-basis:33.33%\">\n<h3 class=\"wp-block-heading has-mask-fill no-margins\">Hablemos de tu proyecto<\/h3>\n<\/div>\n\n\n\n<div class=\"wp-block-column is-layout-flow wp-block-column-is-layout-flow\" style=\"flex-basis:66.66%\">\n<div class=\"wpcf7 no-js\" id=\"wpcf7-f8-o1\" lang=\"es-ES\" dir=\"ltr\" data-wpcf7-id=\"8\">\n<div class=\"screen-reader-response\"><p role=\"status\" aria-live=\"polite\" aria-atomic=\"true\"><\/p> <ul><\/ul><\/div>\n<form action=\"\/index.php\/wp-json\/wp\/v2\/pages\/2611#wpcf7-f8-o1\" method=\"post\" class=\"wpcf7-form init\" aria-label=\"Formulario de contacto\" novalidate=\"novalidate\" data-status=\"init\">\n<fieldset class=\"hidden-fields-container\"><input type=\"hidden\" name=\"_wpcf7\" value=\"8\" \/><input type=\"hidden\" name=\"_wpcf7_version\" value=\"6.1.4\" \/><input type=\"hidden\" name=\"_wpcf7_locale\" value=\"es_ES\" \/><input type=\"hidden\" name=\"_wpcf7_unit_tag\" value=\"wpcf7-f8-o1\" \/><input type=\"hidden\" name=\"_wpcf7_container_post\" value=\"0\" \/><input type=\"hidden\" name=\"_wpcf7_posted_data_hash\" value=\"\" \/>\n<\/fieldset>\n<p><label> Tu nombre<br \/>\n<span class=\"wpcf7-form-control-wrap\" data-name=\"your-name\"><input size=\"40\" maxlength=\"400\" class=\"wpcf7-form-control wpcf7-text wpcf7-validates-as-required\" autocomplete=\"name\" aria-required=\"true\" aria-invalid=\"false\" value=\"\" type=\"text\" name=\"your-name\" \/><\/span> <\/label>\n<\/p>\n<p><label> Tu email<br \/>\n<span class=\"wpcf7-form-control-wrap\" data-name=\"your-email\"><input size=\"40\" maxlength=\"400\" class=\"wpcf7-form-control wpcf7-email wpcf7-validates-as-required wpcf7-text wpcf7-validates-as-email\" autocomplete=\"email\" aria-required=\"true\" aria-invalid=\"false\" value=\"\" type=\"email\" name=\"your-email\" \/><\/span> <\/label>\n<\/p>\n<p><label> Asunto<br \/>\n<span class=\"wpcf7-form-control-wrap\" data-name=\"your-subject\"><input size=\"40\" maxlength=\"400\" class=\"wpcf7-form-control wpcf7-text wpcf7-validates-as-required\" aria-required=\"true\" aria-invalid=\"false\" value=\"\" type=\"text\" name=\"your-subject\" \/><\/span> <\/label>\n<\/p>\n<p><label> Cu\u00e9ntanos (optional)<br \/>\n<span class=\"wpcf7-form-control-wrap\" data-name=\"your-message\"><textarea cols=\"40\" rows=\"10\" maxlength=\"2000\" class=\"wpcf7-form-control wpcf7-textarea\" aria-invalid=\"false\" name=\"your-message\"><\/textarea><\/span> <\/label>\n<\/p>\n<p><input class=\"wpcf7-form-control wpcf7-submit has-spinner\" type=\"submit\" value=\"Enviar\" \/>\n<\/p><div class=\"wpcf7-response-output\" aria-hidden=\"true\"><\/div>\n<\/form>\n<\/div>\n\n<\/div>\n<\/div>\n<\/div>\n\n\n\n<div class=\"wp-block-harington-gutenberg-container content-row light-section full row_padding_bottom row_padding_left row_padding_right\" data-bgcolor=\"#eeeeee\" style=\"text-align:left\">\n<hr class=\"animated-line has-animation\">\n\n\n\n<div class=\"wp-block-columns is-layout-flex wp-container-core-columns-is-layout-9d6595d7 wp-block-columns-is-layout-flex\">\n<div class=\"wp-block-column is-layout-flow wp-block-column-is-layout-flow\" style=\"flex-basis:33.33%\">\n<h6 class=\"wp-block-heading has-mask\">\/ 02<\/h6>\n<\/div>\n\n\n\n<div class=\"wp-block-column is-layout-flow wp-block-column-is-layout-flow\" style=\"flex-basis:66.66%\">\n<h6 class=\"wp-block-heading has-mask\">DOS OFICINAS EN ASTURIAS<\/h6>\n<\/div>\n<\/div>\n\n\n\n<div style=\"height:80px\" aria-hidden=\"true\" class=\"wp-block-spacer\"><\/div>\n\n\n\n<div class=\"wp-block-columns is-layout-flex wp-container-core-columns-is-layout-9d6595d7 wp-block-columns-is-layout-flex\">\n<div class=\"wp-block-column is-layout-flow wp-block-column-is-layout-flow\" style=\"flex-basis:33.33%\">\n<h3 class=\"wp-block-heading has-mask-fill no-margins\">Oficinas<\/h3>\n<\/div>\n\n\n\n<div class=\"wp-block-column is-layout-flow wp-block-column-is-layout-flow\" style=\"flex-basis:66.66%\">\n<div class=\"wp-block-columns is-layout-flex wp-container-core-columns-is-layout-9d6595d7 wp-block-columns-is-layout-flex\">\n<div class=\"wp-block-column is-layout-flow wp-block-column-is-layout-flow\">\n<h5 class=\"wp-block-heading\">Gij\u00f3n<\/h5>\n\n\n\n<h6 class=\"wp-block-heading no-margins\">Plaza Florencio Rodr\u00edguez Rodr\u00edguez<\/h6>\n\n\n\n<h6 class=\"wp-block-heading no-margins\">Gij\u00f3n, Asturias<\/h6>\n<\/div>\n\n\n\n<div class=\"wp-block-column is-layout-flow wp-block-column-is-layout-flow\">\n<h5 class=\"wp-block-heading\">Cabrales<\/h5>\n\n\n\n<h6 class=\"wp-block-heading no-margins\">Calle Mayor, Edificio Crisanto<\/h6>\n\n\n\n<h6 class=\"wp-block-heading no-margins\">Arenas de Cabrales, Asturias<\/h6>\n<\/div>\n<\/div>\n<\/div>\n<\/div>\n<\/div>\n","protected":false},"excerpt":{"rendered":"","protected":false},"author":1,"featured_media":0,"parent":0,"menu_order":0,"comment_status":"closed","ping_status":"closed","template":"","meta":{"footnotes":""},"class_list":["post-2611","page","type-page","status-publish","hentry"],"_links":{"self":[{"href":"https:\/\/laprimavera.studio\/index.php\/wp-json\/wp\/v2\/pages\/2611","targetHints":{"allow":["GET"]}}],"collection":[{"href":"https:\/\/laprimavera.studio\/index.php\/wp-json\/wp\/v2\/pages"}],"about":[{"href":"https:\/\/laprimavera.studio\/index.php\/wp-json\/wp\/v2\/types\/page"}],"author":[{"embeddable":true,"href":"https:\/\/laprimavera.studio\/index.php\/wp-json\/wp\/v2\/users\/1"}],"replies":[{"embeddable":true,"href":"https:\/\/laprimavera.studio\/index.php\/wp-json\/wp\/v2\/comments?post=2611"}],"version-history":[{"count":46,"href":"https:\/\/laprimavera.studio\/index.php\/wp-json\/wp\/v2\/pages\/2611\/revisions"}],"predecessor-version":[{"id":3121,"href":"https:\/\/laprimavera.studio\/index.php\/wp-json\/wp\/v2\/pages\/2611\/revisions\/3121"}],"wp:attachment":[{"href":"https:\/\/laprimavera.studio\/index.php\/wp-json\/wp\/v2\/media?parent=2611"}],"curies":[{"name":"wp","href":"https:\/\/api.w.org\/{rel}","templated":true}]}}